{"id":8138,"date":"2022-06-06T11:26:01","date_gmt":"2022-06-06T14:26:01","guid":{"rendered":"https:\/\/hcdvillademerlo.com\/?page_id=8138"},"modified":"2022-09-06T12:08:42","modified_gmt":"2022-09-06T15:08:42","slug":"legislacion-vigente-sobre-genero","status":"publish","type":"page","link":"https:\/\/hcdvillademerlo.com\/index.php\/legislacion-vigente-sobre-genero\/","title":{"rendered":"Legislaci\u00f3n vigente sobre G\u00e9nero"},"content":{"rendered":"\n<h3 class=\"has-text-align-center wp-block-heading\">Legislaci\u00f3n vigente sobre G\u00e9nero<\/h3>\n\n\n\n<hr class=\"wp-block-separator\"\/>\n\n\n<ul class=\"wp-block-latest-posts__list container-list-ordenanzas wp-block-latest-posts\"><li><a class=\"wp-block-latest-posts__post-title\" href=\"https:\/\/hcdvillademerlo.com\/index.php\/2022\/12\/12\/ordenanza-n-ii-1082-c-d-2022\/\">ORDENANZA\u00a0 N\u00b0 II-1082-C.D.-2022 &#8211; CARTELER\u00cdA POR VIOLENCIA DE G\u00c9NERO<\/a><div class=\"wp-block-latest-posts__post-excerpt\">CARTELER\u00cdA POR VIOLENCIA DE G\u00c9NERO<\/div><\/li>\n<li><a class=\"wp-block-latest-posts__post-title\" href=\"https:\/\/hcdvillademerlo.com\/index.php\/2022\/12\/12\/ordenanza-n-i-1074-c-d-2022\/\">ORDENANZA N\u00b0 I-1074-C.D.-2022 &#8211; PROTOCOLO VIOLENCIA DE G\u00c9NERO<\/a><div class=\"wp-block-latest-posts__post-excerpt\">PROTOCOLO VIOLENCIA DE G\u00c9NERO<\/div><\/li>\n<li><a class=\"wp-block-latest-posts__post-title\" href=\"https:\/\/hcdvillademerlo.com\/index.php\/2022\/03\/25\/ordenanza-no-ii-1038-hcd-2022\/\">ORDENANZA N\u00ba II 1038-HCD-2022 &#8211; MODIFICACI\u00d3N DE LA ORDENANZA N\u00b0 II-0878-HCD-2019<\/a><div class=\"wp-block-latest-posts__post-excerpt\">MODIFICACI\u00d3N DE LA ORDENANZA N\u00b0 II-0878-HCD-2019 <\/div><\/li>\n<li><a class=\"wp-block-latest-posts__post-title\" href=\"https:\/\/hcdvillademerlo.com\/index.php\/2021\/10\/18\/ordenanza-no-ii-1003-hcd-2021\/\">ORDENANZA N\u00ba II-1003-HCD-2021 &#8211; D\u00cdA MUNDIAL ENDOMETRIOSIS<\/a><div class=\"wp-block-latest-posts__post-excerpt\">D\u00cdA MUNDIAL ENDOMETRIOSIS<\/div><\/li>\n<li><a class=\"wp-block-latest-posts__post-title\" href=\"https:\/\/hcdvillademerlo.com\/index.php\/2021\/10\/18\/ordenanza-nx-1002-hcd-2021\/\">ORDENANZA N\u00b0 X-1002-HCD-2021 &#8211; INSTITUYESE D\u00cdA MUNDIAL L.G.B.T.I.Q.+<\/a><div class=\"wp-block-latest-posts__post-excerpt\">INSTITUYESE D\u00cdA MUNDIAL L.G.B.T.I.Q.+<\/div><\/li>\n<li><a class=\"wp-block-latest-posts__post-title\" href=\"https:\/\/hcdvillademerlo.com\/index.php\/2021\/09\/30\/ordenanza-n-x-0979-hcd-2021\/\">ORDENANZA N\u00b0 X-0979-HCD-2021 &#8211; ADHERIR EN TODAS SUS PARTES A LA LEY N\u00b0 VIII-1038-2020 LEY DE PARIDAD DE G\u00c9NEROS EN \u00c1MBITOS DE REPRESENTACI\u00d3N POL\u00cdTICA<\/a><div class=\"wp-block-latest-posts__post-excerpt\">ADHERIR EN TODAS SUS PARTES A LA LEY N\u00b0 VIII-1038-2020 \u201cLEY DE PARIDAD DE G\u00c9NEROS EN \u00c1MBITOS DE REPRESENTACI\u00d3N POL\u00cdTICA\u201d<\/div><\/li>\n<li><a class=\"wp-block-latest-posts__post-title\" href=\"https:\/\/hcdvillademerlo.com\/index.php\/2021\/05\/13\/ordenanza-no-x-0991-hcd-2021\/\">ORDENANZA N\u00ba X-0991-HCD-2021 &#8211; LINEA 104<\/a><div class=\"wp-block-latest-posts__post-excerpt\">LINEA 104<\/div><\/li>\n<li><a class=\"wp-block-latest-posts__post-title\" href=\"https:\/\/hcdvillademerlo.com\/index.php\/2021\/03\/11\/ordenanza-n-x-0926-hcd-2020\/\">ORDENANZA N\u00b0 X-0926-HCD-2020 &#8211; LEY MICAELA<\/a><div class=\"wp-block-latest-posts__post-excerpt\">\u201cLEY MICAELA\u201d<\/div><\/li>\n<li><a class=\"wp-block-latest-posts__post-title\" href=\"https:\/\/hcdvillademerlo.com\/index.php\/2019\/06\/13\/ordenanza-no-ii-0878-hcd-2019-obligatoriedad-de-controles-medicosa-favor-de-las-empleadas-municipales\/\">ORDENANZA N\u00ba II-0878-HCD-2019: OBLIGATORIEDAD DE CONTROLES MEDICOS A FAVOR DE LAS EMPLEADAS MUNICIPALES<\/a><div class=\"wp-block-latest-posts__post-excerpt\">OBLIGATORIEDAD DE CONTROLES MEDICOS A FAVOR DE LAS EMPLEADAS MUNICIPALES<\/div><\/li>\n<li><a class=\"wp-block-latest-posts__post-title\" href=\"https:\/\/hcdvillademerlo.com\/index.php\/2018\/09\/19\/ordenanza-no-ix-0823-hcd-2018-licencia-laboral-por-violencia-de-genero\/\">ORDENANZA N\u00ba IX-0823-HCD-2018  \u201cLicencia Laboral Por Violencia De G\u00e9nero\u201d<\/a><div class=\"wp-block-latest-posts__post-excerpt\">LICENCIA LABORAL POR VIOLENCIA DE G\u00c9NERO<\/div><\/li>\n<\/ul>","protected":false},"excerpt":{"rendered":"<p>Legislaci\u00f3n vigente sobre G\u00e9nero<\/p>\n","protected":false},"author":1,"featured_media":0,"parent":0,"menu_order":0,"comment_status":"closed","ping_status":"closed","template":"","meta":{"footnotes":""},"class_list":["post-8138","page","type-page","status-publish","hentry"],"_links":{"self":[{"href":"https:\/\/hcdvillademerlo.com\/index.php\/wp-json\/wp\/v2\/pages\/8138","targetHints":{"allow":["GET"]}}],"collection":[{"href":"https:\/\/hcdvillademerlo.com\/index.php\/wp-json\/wp\/v2\/pages"}],"about":[{"href":"https:\/\/hcdvillademerlo.com\/index.php\/wp-json\/wp\/v2\/types\/page"}],"author":[{"embeddable":true,"href":"https:\/\/hcdvillademerlo.com\/index.php\/wp-json\/wp\/v2\/users\/1"}],"replies":[{"embeddable":true,"href":"https:\/\/hcdvillademerlo.com\/index.php\/wp-json\/wp\/v2\/comments?post=8138"}],"version-history":[{"count":8,"href":"https:\/\/hcdvillademerlo.com\/index.php\/wp-json\/wp\/v2\/pages\/8138\/revisions"}],"predecessor-version":[{"id":8347,"href":"https:\/\/hcdvillademerlo.com\/index.php\/wp-json\/wp\/v2\/pages\/8138\/revisions\/8347"}],"wp:attachment":[{"href":"https:\/\/hcdvillademerlo.com\/index.php\/wp-json\/wp\/v2\/media?parent=8138"}],"curies":[{"name":"wp","href":"https:\/\/api.w.org\/{rel}","templated":true}]}}