{"id":11924,"date":"2026-04-15T12:05:01","date_gmt":"2026-04-15T15:05:01","guid":{"rendered":"https:\/\/hcdvillademerlo.com\/?page_id=11924"},"modified":"2026-04-15T17:38:22","modified_gmt":"2026-04-15T20:38:22","slug":"expedientes-mesas-sectoriales-participativas-pot","status":"publish","type":"page","link":"https:\/\/hcdvillademerlo.com\/index.php\/expedientes-mesas-sectoriales-participativas-pot\/","title":{"rendered":"Expedientes Mesas Sectoriales Participativas &#8211; POT"},"content":{"rendered":"\n<p class=\"titulo-ejes-tematicos\">Ejes tem\u00e1ticos<\/p>\n\n\n\n<h2 class=\"wp-block-heading\">Mesas Sectoriales Participativas<\/h2>\n\n\n\n<p class=\"descripcion-ejes-tematicos\">A los fines de <strong>organizar y estructurar el proceso de an\u00e1lisis<\/strong> y las Mesas Sectoriales Participativas, los aportes podr\u00e1n agruparse en las siguientes mesas:<\/p>\n\n\n\n<div class=\"wp-block-query is-layout-flow wp-block-query-is-layout-flow\"><ul class=\"columns-3 container-mesas-sectoriales wp-block-post-template is-layout-grid wp-container-core-post-template-is-layout-2f3213d7 wp-block-post-template-is-layout-grid\"><li class=\"wp-block-post post-11933 post type-post status-publish format-standard has-post-thumbnail hentry category-mesas-sectoriales-participativas\">\n\n<div id=\"feed-mesas-sectoriales\" class=\"wp-block-group is-layout-grid wp-container-core-group-is-layout-524d5025 wp-block-group-is-layout-grid\" style=\"padding-top:30px;padding-right:30px;padding-bottom:30px;padding-left:30px\"><h3 class=\"wp-block-post-title\"><a href=\"https:\/\/hcdvillademerlo.com\/index.php\/2026\/04\/15\/mesa-no-1\/\" target=\"_self\" >MESA N\u00ba 1<\/a><\/h3>\n\n<figure class=\"wp-block-post-featured-image\"><img loading=\"lazy\" decoding=\"async\" width=\"500\" height=\"146\" src=\"https:\/\/hcdvillademerlo.com\/wp-content\/uploads\/2026\/04\/n-1.jpg\" class=\"attachment-post-thumbnail size-post-thumbnail wp-post-image\" alt=\"\" style=\"object-fit:cover;\" srcset=\"https:\/\/hcdvillademerlo.com\/wp-content\/uploads\/2026\/04\/n-1.jpg 500w, https:\/\/hcdvillademerlo.com\/wp-content\/uploads\/2026\/04\/n-1-300x88.jpg 300w\" sizes=\"auto, (max-width: 500px) 100vw, 500px\" \/><\/figure>\n\n<div class=\"wp-block-post-excerpt\"><p class=\"wp-block-post-excerpt__excerpt\">L\u00edmites de crecimiento urbano, servicios b\u00e1sicos, aguas. <\/p><\/div>\n\n<a class=\"wp-block-read-more wp-container-content-69bc4bdf\" href=\"https:\/\/hcdvillademerlo.com\/index.php\/2026\/04\/15\/mesa-no-1\/\" target=\"_self\">Ver mesa<span class=\"screen-reader-text\">: MESA N\u00ba 1<\/span><\/a><\/div>\n\n<\/li><li class=\"wp-block-post post-11949 post type-post status-publish format-standard has-post-thumbnail hentry category-mesas-sectoriales-participativas\">\n\n<div id=\"feed-mesas-sectoriales\" class=\"wp-block-group is-layout-grid wp-container-core-group-is-layout-524d5025 wp-block-group-is-layout-grid\" style=\"padding-top:30px;padding-right:30px;padding-bottom:30px;padding-left:30px\"><h3 class=\"wp-block-post-title\"><a href=\"https:\/\/hcdvillademerlo.com\/index.php\/2026\/04\/15\/mesa-no-2\/\" target=\"_self\" >MESA N\u00ba 2<\/a><\/h3>\n\n<figure class=\"wp-block-post-featured-image\"><img loading=\"lazy\" decoding=\"async\" width=\"500\" height=\"146\" src=\"https:\/\/hcdvillademerlo.com\/wp-content\/uploads\/2026\/04\/n-2-a.jpg\" class=\"attachment-post-thumbnail size-post-thumbnail wp-post-image\" alt=\"\" style=\"object-fit:cover;\" srcset=\"https:\/\/hcdvillademerlo.com\/wp-content\/uploads\/2026\/04\/n-2-a.jpg 500w, https:\/\/hcdvillademerlo.com\/wp-content\/uploads\/2026\/04\/n-2-a-300x88.jpg 300w\" sizes=\"auto, (max-width: 500px) 100vw, 500px\" \/><\/figure>\n\n<div class=\"wp-block-post-excerpt\"><p class=\"wp-block-post-excerpt__excerpt\">Suelo ocioso; densificaci\u00f3n y edificabilidad. <\/p><\/div>\n\n<a class=\"wp-block-read-more wp-container-content-69bc4bdf\" href=\"https:\/\/hcdvillademerlo.com\/index.php\/2026\/04\/15\/mesa-no-2\/\" target=\"_self\">Ver mesa<span class=\"screen-reader-text\">: MESA N\u00ba 2<\/span><\/a><\/div>\n\n<\/li><li class=\"wp-block-post post-11996 post type-post status-publish format-standard has-post-thumbnail hentry category-mesas-sectoriales-participativas\">\n\n<div id=\"feed-mesas-sectoriales\" class=\"wp-block-group is-layout-grid wp-container-core-group-is-layout-524d5025 wp-block-group-is-layout-grid\" style=\"padding-top:30px;padding-right:30px;padding-bottom:30px;padding-left:30px\"><h3 class=\"wp-block-post-title\"><a href=\"https:\/\/hcdvillademerlo.com\/index.php\/2026\/04\/15\/mesa-n-3\/\" target=\"_self\" >MESA N\u00b0 3<\/a><\/h3>\n\n<figure class=\"wp-block-post-featured-image\"><img loading=\"lazy\" decoding=\"async\" width=\"500\" height=\"146\" src=\"https:\/\/hcdvillademerlo.com\/wp-content\/uploads\/2026\/04\/n-3.jpg\" class=\"attachment-post-thumbnail size-post-thumbnail wp-post-image\" alt=\"\" style=\"object-fit:cover;\" srcset=\"https:\/\/hcdvillademerlo.com\/wp-content\/uploads\/2026\/04\/n-3.jpg 500w, https:\/\/hcdvillademerlo.com\/wp-content\/uploads\/2026\/04\/n-3-300x88.jpg 300w\" sizes=\"auto, (max-width: 500px) 100vw, 500px\" \/><\/figure>\n\n<div class=\"wp-block-post-excerpt\"><p class=\"wp-block-post-excerpt__excerpt\">Ambiente, paisaje serrano, identidad y patrimonio. <\/p><\/div>\n\n<a class=\"wp-block-read-more wp-container-content-69bc4bdf\" href=\"https:\/\/hcdvillademerlo.com\/index.php\/2026\/04\/15\/mesa-n-3\/\" target=\"_self\">Ver mesa<span class=\"screen-reader-text\">: MESA N\u00b0 3<\/span><\/a><\/div>\n\n<\/li><li class=\"wp-block-post post-12036 post type-post status-publish format-standard has-post-thumbnail hentry category-mesas-sectoriales-participativas\">\n\n<div id=\"feed-mesas-sectoriales\" class=\"wp-block-group is-layout-grid wp-container-core-group-is-layout-524d5025 wp-block-group-is-layout-grid\" style=\"padding-top:30px;padding-right:30px;padding-bottom:30px;padding-left:30px\"><h3 class=\"wp-block-post-title\"><a href=\"https:\/\/hcdvillademerlo.com\/index.php\/2026\/04\/15\/mesa-n-4\/\" target=\"_self\" >MESA N\u00b0 4<\/a><\/h3>\n\n<figure class=\"wp-block-post-featured-image\"><img loading=\"lazy\" decoding=\"async\" width=\"500\" height=\"146\" src=\"https:\/\/hcdvillademerlo.com\/wp-content\/uploads\/2026\/04\/N-4.jpg\" class=\"attachment-post-thumbnail size-post-thumbnail wp-post-image\" alt=\"\" style=\"object-fit:cover;\" srcset=\"https:\/\/hcdvillademerlo.com\/wp-content\/uploads\/2026\/04\/N-4.jpg 500w, https:\/\/hcdvillademerlo.com\/wp-content\/uploads\/2026\/04\/N-4-300x88.jpg 300w\" sizes=\"auto, (max-width: 500px) 100vw, 500px\" \/><\/figure>\n\n<div class=\"wp-block-post-excerpt\"><p class=\"wp-block-post-excerpt__excerpt\">Uso del suelo y mixtura funcional. <\/p><\/div>\n\n<a class=\"wp-block-read-more wp-container-content-69bc4bdf\" href=\"https:\/\/hcdvillademerlo.com\/index.php\/2026\/04\/15\/mesa-n-4\/\" target=\"_self\">Ver mesa<span class=\"screen-reader-text\">: MESA N\u00b0 4<\/span><\/a><\/div>\n\n<\/li><li class=\"wp-block-post post-12039 post type-post status-publish format-standard has-post-thumbnail hentry category-mesas-sectoriales-participativas\">\n\n<div id=\"feed-mesas-sectoriales\" class=\"wp-block-group is-layout-grid wp-container-core-group-is-layout-524d5025 wp-block-group-is-layout-grid\" style=\"padding-top:30px;padding-right:30px;padding-bottom:30px;padding-left:30px\"><h3 class=\"wp-block-post-title\"><a href=\"https:\/\/hcdvillademerlo.com\/index.php\/2026\/04\/15\/mesa-n-5\/\" target=\"_self\" >MESA N\u00b0 5<\/a><\/h3>\n\n<figure class=\"wp-block-post-featured-image\"><img loading=\"lazy\" decoding=\"async\" width=\"500\" height=\"146\" src=\"https:\/\/hcdvillademerlo.com\/wp-content\/uploads\/2026\/04\/n-5.jpg\" class=\"attachment-post-thumbnail size-post-thumbnail wp-post-image\" alt=\"\" style=\"object-fit:cover;\" srcset=\"https:\/\/hcdvillademerlo.com\/wp-content\/uploads\/2026\/04\/n-5.jpg 500w, https:\/\/hcdvillademerlo.com\/wp-content\/uploads\/2026\/04\/n-5-300x88.jpg 300w\" sizes=\"auto, (max-width: 500px) 100vw, 500px\" \/><\/figure>\n\n<div class=\"wp-block-post-excerpt\"><p class=\"wp-block-post-excerpt__excerpt\">Movilidad; conectividad; centralidades; estructura urbana. <\/p><\/div>\n\n<a class=\"wp-block-read-more wp-container-content-69bc4bdf\" href=\"https:\/\/hcdvillademerlo.com\/index.php\/2026\/04\/15\/mesa-n-5\/\" target=\"_self\">Ver mesa<span class=\"screen-reader-text\">: MESA N\u00b0 5<\/span><\/a><\/div>\n\n<\/li><li class=\"wp-block-post post-12046 post type-post status-publish format-standard has-post-thumbnail hentry category-mesas-sectoriales-participativas\">\n\n<div id=\"feed-mesas-sectoriales\" class=\"wp-block-group is-layout-grid wp-container-core-group-is-layout-524d5025 wp-block-group-is-layout-grid\" style=\"padding-top:30px;padding-right:30px;padding-bottom:30px;padding-left:30px\"><h3 class=\"wp-block-post-title\"><a href=\"https:\/\/hcdvillademerlo.com\/index.php\/2026\/04\/15\/mesa-n-6\/\" target=\"_self\" >MESA N\u00b0 6<\/a><\/h3>\n\n<figure class=\"wp-block-post-featured-image\"><img loading=\"lazy\" decoding=\"async\" width=\"500\" height=\"146\" src=\"https:\/\/hcdvillademerlo.com\/wp-content\/uploads\/2026\/04\/N-6.jpg\" class=\"attachment-post-thumbnail size-post-thumbnail wp-post-image\" alt=\"\" style=\"object-fit:cover;\" srcset=\"https:\/\/hcdvillademerlo.com\/wp-content\/uploads\/2026\/04\/N-6.jpg 500w, https:\/\/hcdvillademerlo.com\/wp-content\/uploads\/2026\/04\/N-6-300x88.jpg 300w\" sizes=\"auto, (max-width: 500px) 100vw, 500px\" \/><\/figure>\n\n<div class=\"wp-block-post-excerpt\"><p class=\"wp-block-post-excerpt__excerpt\">Periferias; espacio p\u00fablico; infraestructura social y centros de salud. <\/p><\/div>\n\n<a class=\"wp-block-read-more wp-container-content-69bc4bdf\" href=\"https:\/\/hcdvillademerlo.com\/index.php\/2026\/04\/15\/mesa-n-6\/\" target=\"_self\">Ver mesa<span class=\"screen-reader-text\">: MESA N\u00b0 6<\/span><\/a><\/div>\n\n<\/li><\/ul><\/div>\n","protected":false},"excerpt":{"rendered":"<p>Ejes tem\u00e1ticos Mesas Sectoriales Participativas A los fines de organizar y estructurar el proceso de an\u00e1lisis y las Mesas Sectoriales Participativas, los aportes podr\u00e1n agruparse en las siguientes mesas:<\/p>\n","protected":false},"author":1,"featured_media":0,"parent":0,"menu_order":0,"comment_status":"closed","ping_status":"closed","template":"template\/template-page-full-width.php","meta":{"footnotes":""},"class_list":["post-11924","page","type-page","status-publish","hentry"],"_links":{"self":[{"href":"https:\/\/hcdvillademerlo.com\/index.php\/wp-json\/wp\/v2\/pages\/11924","targetHints":{"allow":["GET"]}}],"collection":[{"href":"https:\/\/hcdvillademerlo.com\/index.php\/wp-json\/wp\/v2\/pages"}],"about":[{"href":"https:\/\/hcdvillademerlo.com\/index.php\/wp-json\/wp\/v2\/types\/page"}],"author":[{"embeddable":true,"href":"https:\/\/hcdvillademerlo.com\/index.php\/wp-json\/wp\/v2\/users\/1"}],"replies":[{"embeddable":true,"href":"https:\/\/hcdvillademerlo.com\/index.php\/wp-json\/wp\/v2\/comments?post=11924"}],"version-history":[{"count":24,"href":"https:\/\/hcdvillademerlo.com\/index.php\/wp-json\/wp\/v2\/pages\/11924\/revisions"}],"predecessor-version":[{"id":12063,"href":"https:\/\/hcdvillademerlo.com\/index.php\/wp-json\/wp\/v2\/pages\/11924\/revisions\/12063"}],"wp:attachment":[{"href":"https:\/\/hcdvillademerlo.com\/index.php\/wp-json\/wp\/v2\/media?parent=11924"}],"curies":[{"name":"wp","href":"https:\/\/api.w.org\/{rel}","templated":true}]}}