{"id":10005,"date":"2023-12-01T10:49:15","date_gmt":"2023-12-01T13:49:15","guid":{"rendered":"https:\/\/hcdvillademerlo.com\/?page_id=10005"},"modified":"2023-12-01T10:51:20","modified_gmt":"2023-12-01T13:51:20","slug":"turismo","status":"publish","type":"page","link":"https:\/\/hcdvillademerlo.com\/index.php\/digesto\/turismo\/","title":{"rendered":"III. Turismo"},"content":{"rendered":"<ul class=\"wp-block-latest-posts__list container-list-ordenanzas wp-block-latest-posts\"><li><a class=\"wp-block-latest-posts__post-title\" href=\"https:\/\/hcdvillademerlo.com\/index.php\/2025\/07\/22\/ordenanza-n-ix-1161-c-d-2025-homologa-la-resolucion-n-289-im-2025-del-departamento-ejecutivo-municipal\/\">ORDENANZA N\u00b0 IX-1161-C.D.-2025.- HOMOLOGA LA RESOLUCI\u00d3N N\u00b0 289-IM-2025 DEL DEPARTAMENTO EJECUTIVO MUNICIPAL<\/a><div class=\"wp-block-latest-posts__post-excerpt\"><\/div><\/li>\n<li><a class=\"wp-block-latest-posts__post-title\" href=\"https:\/\/hcdvillademerlo.com\/index.php\/2024\/10\/25\/ordenanza-n-iii-1137-2024-de-capacitacion-para-actores-del-sector-turistico\/\">ORDENANZA N\u00b0 III-1137-2024 &#8211; \u201cDE CAPACITACI\u00d3N PARA ACTORES DEL SECTOR TUR\u00cdSTICO\u201d<\/a><div class=\"wp-block-latest-posts__post-excerpt\">Villa de Merlo, (S.L.), 24 de Octubre de 2024.- ORDENANZA N\u00b0 III-1137-2024.- \u201cDE CAPACITACI\u00d3N PARA<\/div><div class=\"blog-btn\"><a href=\"https:\/\/hcdvillademerlo.com\/index.php\/2024\/10\/25\/ordenanza-n-iii-1137-2024-de-capacitacion-para-actores-del-sector-turistico\/\" class=\"home-blog-btn\">Leer m\u00e1s<\/a><\/div><\/li>\n<li><a class=\"wp-block-latest-posts__post-title\" href=\"https:\/\/hcdvillademerlo.com\/index.php\/2024\/08\/30\/ordenanza-n-iii-1134-c-d-2024-regulacion-de-alojamientos-turisticos-y-sanciones-por-falta-de-habilitacion\/\">ORDENANZA N\u00b0 III-1134-C.D.-2024 &#8211; REGULACI\u00d3N DE ALOJAMIENTOS TUR\u00cdSTICOS Y SANCIONES POR FALTA DE HABILITACI\u00d3N\u201d<\/a><div class=\"wp-block-latest-posts__post-excerpt\">Villa de Merlo, San Luis, 29 de Agosto de 2024.- ORDENANZA N\u00b0 III-1134-C.D.-2024.- DE \u201cREGULACI\u00d3N<\/div><div class=\"blog-btn\"><a href=\"https:\/\/hcdvillademerlo.com\/index.php\/2024\/08\/30\/ordenanza-n-iii-1134-c-d-2024-regulacion-de-alojamientos-turisticos-y-sanciones-por-falta-de-habilitacion\/\" class=\"home-blog-btn\">Leer m\u00e1s<\/a><\/div><\/li>\n<li><a class=\"wp-block-latest-posts__post-title\" href=\"https:\/\/hcdvillademerlo.com\/index.php\/2024\/05\/13\/ordenanza-n-iii-1121-c-d-2024-adhiere-a-ley-provincial-de-guias-de-turismo\/\">ORDENANZA N\u00b0 III-1121-C.D.-2024 &#8211; ADHIERE A LEY PROVINCIAL DE GUIAS DE TURISMO<\/a><div class=\"wp-block-latest-posts__post-excerpt\">Villa de Merlo (San Luis), 09 de Mayo de 2024.- ORDENANZA N\u00b0 III-1121-C.D.-2024.- ADHIERE A<\/div><div class=\"blog-btn\"><a href=\"https:\/\/hcdvillademerlo.com\/index.php\/2024\/05\/13\/ordenanza-n-iii-1121-c-d-2024-adhiere-a-ley-provincial-de-guias-de-turismo\/\" class=\"home-blog-btn\">Leer m\u00e1s<\/a><\/div><\/li>\n<li><a class=\"wp-block-latest-posts__post-title\" href=\"https:\/\/hcdvillademerlo.com\/index.php\/2023\/12\/01\/ordenanza-n-iii-1110-c-d-2023-instaura-dia-afrodescendientes\/\">ORDENANZA N\u00b0 III-1110-C.D.-2023 &#8211; INSTAURA DIA AFRODESCENDIENTES<\/a><div class=\"wp-block-latest-posts__post-excerpt\">INSTAURA DIA AFRODESCENDIENTES<\/div><\/li>\n<li><a class=\"wp-block-latest-posts__post-title\" href=\"https:\/\/hcdvillademerlo.com\/index.php\/2021\/09\/30\/ordenanza-n-iii-0986-hcd-2021\/\">ORDENANZA N\u00b0 III-0986-HCD-2021 &#8211; ACTIVIDAD F\u00cdSICA COMO ACTIVIDAD ESENCIAL ADHERIR A LA LEY N\u00ba III-1043-2020<\/a><div class=\"wp-block-latest-posts__post-excerpt\">\u201cACTIVIDAD F\u00cdSICA COMO ACTIVIDAD ESENCIAL\u201d ADHERIR A LA LEY N\u00ba III-1043-2020<\/div><\/li>\n<li><a class=\"wp-block-latest-posts__post-title\" href=\"https:\/\/hcdvillademerlo.com\/index.php\/2021\/03\/08\/ordenanza-n-iii-0906-hcd-2019-modifica-ordenanza-sobre-la-creacion-del-emiprotur\/\">ORDENANZA N\u00b0 III-0906-HCD-2019: \u201cMODIFICA ORDENANZA SOBRE LA CREACI\u00d3N DEL EMIPROTUR\u201d<\/a><div class=\"wp-block-latest-posts__post-excerpt\">Villa de Merlo, (San Luis), 19 de Diciembre de 2019.- ORDENANZA N\u00b0 III-0906-HCD-2019 \u201cMODIFICA ORDENANZA<\/div><div class=\"blog-btn\"><a href=\"https:\/\/hcdvillademerlo.com\/index.php\/2021\/03\/08\/ordenanza-n-iii-0906-hcd-2019-modifica-ordenanza-sobre-la-creacion-del-emiprotur\/\" class=\"home-blog-btn\">Leer m\u00e1s<\/a><\/div><\/li>\n<li><a class=\"wp-block-latest-posts__post-title\" href=\"https:\/\/hcdvillademerlo.com\/index.php\/2021\/03\/08\/ordenanza-n-iii-0900-hcd-2019-ente-mixto-de-promocion-y-desarrollo-del-deporte-de-la-villa-de-merlo\/\">ORDENANZA N\u00b0 III-0900-HCD-2019: \u201cENTE MIXTO DE PROMOCI\u00d3N Y DESARROLLO DEL DEPORTE DE LA VILLA DE MERLO\u201d<\/a><div class=\"wp-block-latest-posts__post-excerpt\">Villa de Merlo, (San Luis), 12 de Diciembre de 2019.- ORDENANZA N\u00b0 III-0900-HCD-2019 \u201cENTE MIXTO<\/div><div class=\"blog-btn\"><a href=\"https:\/\/hcdvillademerlo.com\/index.php\/2021\/03\/08\/ordenanza-n-iii-0900-hcd-2019-ente-mixto-de-promocion-y-desarrollo-del-deporte-de-la-villa-de-merlo\/\" class=\"home-blog-btn\">Leer m\u00e1s<\/a><\/div><\/li>\n<li><a class=\"wp-block-latest-posts__post-title\" href=\"https:\/\/hcdvillademerlo.com\/index.php\/2016\/05\/26\/ordenanza-no-iii-0675-hcd-2015-reglamenta-guias-de-turismo-incluida-la-fe-de-erratas-deroga-iii-05842013\/\">ORDENANZA N\u00ba III-0675-HCD-2015 REGLAMENTA GUIAS DE TURISMO (INCLUIDA LA FE DE ERRATAS- DEROGA III-0584\/2013<\/a><div class=\"wp-block-latest-posts__post-excerpt\">Villa de Merlo, San Luis, 18 de Junio de 2015.- &nbsp; &nbsp; ORDENANZA N\u00ba III-0675-HCD-2015<\/div><div class=\"blog-btn\"><a href=\"https:\/\/hcdvillademerlo.com\/index.php\/2016\/05\/26\/ordenanza-no-iii-0675-hcd-2015-reglamenta-guias-de-turismo-incluida-la-fe-de-erratas-deroga-iii-05842013\/\" class=\"home-blog-btn\">Leer m\u00e1s<\/a><\/div><\/li>\n<li><a class=\"wp-block-latest-posts__post-title\" href=\"https:\/\/hcdvillademerlo.com\/index.php\/2016\/05\/23\/establece-impresion-de-menus-en-sistema-braile\/\">ESTABLECE IMPRESION DE MENUS EN SISTEMA BRAILE<\/a><div class=\"wp-block-latest-posts__post-excerpt\">Villa de Merlo, (San Luis), 17 de Octubre de 2012.- &nbsp; ORDENANZA III-0506-HCD-2012 &nbsp; VISTO:<\/div><div class=\"blog-btn\"><a href=\"https:\/\/hcdvillademerlo.com\/index.php\/2016\/05\/23\/establece-impresion-de-menus-en-sistema-braile\/\" class=\"home-blog-btn\">Leer m\u00e1s<\/a><\/div><\/li>\n<li><a class=\"wp-block-latest-posts__post-title\" href=\"https:\/\/hcdvillademerlo.com\/index.php\/2016\/05\/23\/crea-ente-mixto-de-promocion-turistica-emiprotur\/\">CREA ENTE MIXTO DE PROMOCI\u00d3N TURISTICA (EMIPROTUR)<\/a><div class=\"wp-block-latest-posts__post-excerpt\">&nbsp; \u00a0Villa de Merlo, (San Luis), 03 de octubre de 2012.- &nbsp; ORDENANZA N\u00ba III-0502-HCD-2012<\/div><div class=\"blog-btn\"><a href=\"https:\/\/hcdvillademerlo.com\/index.php\/2016\/05\/23\/crea-ente-mixto-de-promocion-turistica-emiprotur\/\" class=\"home-blog-btn\">Leer m\u00e1s<\/a><\/div><\/li>\n<li><a class=\"wp-block-latest-posts__post-title\" href=\"https:\/\/hcdvillademerlo.com\/index.php\/2016\/05\/18\/convocar-a-eventos-para-skateboarding-y-longboard\/\">CONVOCAR A EVENTOS PARA SKATEBOARDING Y LONGBOARD<\/a><div class=\"wp-block-latest-posts__post-excerpt\">\u00a0\u00a0\u00a0\u00a0\u00a0\u00a0\u00a0\u00a0\u00a0\u00a0\u00a0\u00a0 \u00a0\u00a0\u00a0\u00a0\u00a0\u00a0\u00a0\u00a0\u00a0\u00a0\u00a0\u00a0\u00a0\u00a0\u00a0\u00a0\u00a0\u00a0\u00a0\u00a0\u00a0\u00a0\u00a0\u00a0\u00a0\u00a0\u00a0\u00a0Villa de Merlo (San Luis), 21 de diciembre \u00a0de 2011.- &nbsp; &nbsp; ORDENANZA N\u00ba<\/div><div class=\"blog-btn\"><a href=\"https:\/\/hcdvillademerlo.com\/index.php\/2016\/05\/18\/convocar-a-eventos-para-skateboarding-y-longboard\/\" class=\"home-blog-btn\">Leer m\u00e1s<\/a><\/div><\/li>\n<li><a class=\"wp-block-latest-posts__post-title\" href=\"https:\/\/hcdvillademerlo.com\/index.php\/2016\/05\/18\/adhiere-a-ley-general-de-turismo-plan-maestro-2010\/\">ADHIERE A LEY GENERAL DE TURISMO- PLAN MAESTRO 2010<\/a><div class=\"wp-block-latest-posts__post-excerpt\">Villa de Merlo, San Luis, 13 de Diciembre de 2010.- &nbsp; ORDENANZA N\u00ba 1233-HCD-2010 ADHERIR<\/div><div class=\"blog-btn\"><a href=\"https:\/\/hcdvillademerlo.com\/index.php\/2016\/05\/18\/adhiere-a-ley-general-de-turismo-plan-maestro-2010\/\" class=\"home-blog-btn\">Leer m\u00e1s<\/a><\/div><\/li>\n<li><a class=\"wp-block-latest-posts__post-title\" href=\"https:\/\/hcdvillademerlo.com\/index.php\/2016\/05\/18\/crea-oficina-de-atencion-al-turista\/\">CREA OFICINA DE ATENCI\u00d3N AL TURISTA<\/a><div class=\"wp-block-latest-posts__post-excerpt\">\u00a0 \u00a0 \u00a0 \u00a0 \u00a0 \u00a0 \u00a0 \u00a0 \u00a0 \u00a0 \u00a0 \u00a0 \u00a0 \u00a0 \u00a0<\/div><div class=\"blog-btn\"><a href=\"https:\/\/hcdvillademerlo.com\/index.php\/2016\/05\/18\/crea-oficina-de-atencion-al-turista\/\" class=\"home-blog-btn\">Leer m\u00e1s<\/a><\/div><\/li>\n<li><a class=\"wp-block-latest-posts__post-title\" href=\"https:\/\/hcdvillademerlo.com\/index.php\/2016\/05\/10\/regula-prestadores-de-turismo-activo-y-crea-registro\/\">REGULA PRESTADORES DE TURISMO ACTIVO Y CREA REGISTRO<\/a><div class=\"wp-block-latest-posts__post-excerpt\">Villa de Merlo ( S.L), 18 de Diciembre de 2006.- &nbsp; \u00a0ORDENANZA N\u00b0 1026-HCD-06 \u201cTURISMO<\/div><div class=\"blog-btn\"><a href=\"https:\/\/hcdvillademerlo.com\/index.php\/2016\/05\/10\/regula-prestadores-de-turismo-activo-y-crea-registro\/\" class=\"home-blog-btn\">Leer m\u00e1s<\/a><\/div><\/li>\n<li><a class=\"wp-block-latest-posts__post-title\" href=\"https:\/\/hcdvillademerlo.com\/index.php\/2016\/05\/09\/utilizar-la-marca-villa-de-merlo-tercer-microclima-del-mundo\/\">UTILIZAR LA MARCA VILLA DE MERLO TERCER MICROCLIMA DEL MUNDO<\/a><div class=\"wp-block-latest-posts__post-excerpt\">Villa de Merlo, 17 de\u00a0 Octubre\u00a0 de\u00a0 2006.- &nbsp; O R D E N A<\/div><div class=\"blog-btn\"><a href=\"https:\/\/hcdvillademerlo.com\/index.php\/2016\/05\/09\/utilizar-la-marca-villa-de-merlo-tercer-microclima-del-mundo\/\" class=\"home-blog-btn\">Leer m\u00e1s<\/a><\/div><\/li>\n<li><a class=\"wp-block-latest-posts__post-title\" href=\"https:\/\/hcdvillademerlo.com\/index.php\/2016\/05\/09\/reglamenta-turismo-estudiantil\/\">REGLAMENTA TURISMO ESTUDIANTIL<\/a><div class=\"wp-block-latest-posts__post-excerpt\">Villa de Merlo,(S.L), 18 de Septiembre de 2006.- ORDENANZA N\u00b0 993-HCD-06 &nbsp; VISTO: El inter\u00e9s<\/div><div class=\"blog-btn\"><a href=\"https:\/\/hcdvillademerlo.com\/index.php\/2016\/05\/09\/reglamenta-turismo-estudiantil\/\" class=\"home-blog-btn\">Leer m\u00e1s<\/a><\/div><\/li>\n<li><a class=\"wp-block-latest-posts__post-title\" href=\"https:\/\/hcdvillademerlo.com\/index.php\/2016\/04\/05\/adhiere-a-red-federal-municipios-turisticos-sustentables-de-la-republica-argentina\/\">ADHIERE A RED FEDERAL MUNICIPIOS TURISTICOS SUSTENTABLES DE LA REPUBLICA ARGENTINA<\/a><div class=\"wp-block-latest-posts__post-excerpt\">Villa de Merlo, 06 de agosto de 2004.- &nbsp; &nbsp; ORDENANZA N\u00ba 868\u2013HCD-2004 VISTO: La<\/div><div class=\"blog-btn\"><a href=\"https:\/\/hcdvillademerlo.com\/index.php\/2016\/04\/05\/adhiere-a-red-federal-municipios-turisticos-sustentables-de-la-republica-argentina\/\" class=\"home-blog-btn\">Leer m\u00e1s<\/a><\/div><\/li>\n<li><a class=\"wp-block-latest-posts__post-title\" href=\"https:\/\/hcdvillademerlo.com\/index.php\/2016\/04\/05\/reglamenta-carnet-deportivo\/\">REGLAMENTA CARNET DEPORTIVO<\/a><div class=\"wp-block-latest-posts__post-excerpt\">Villa de Merlo (S.L)\u00a0 5 de diciembre de 2003.- &nbsp; ORDENANZA N\u00ba 848-HCD-2003 &nbsp; VISTO:<\/div><div class=\"blog-btn\"><a href=\"https:\/\/hcdvillademerlo.com\/index.php\/2016\/04\/05\/reglamenta-carnet-deportivo\/\" class=\"home-blog-btn\">Leer m\u00e1s<\/a><\/div><\/li>\n<li><a class=\"wp-block-latest-posts__post-title\" href=\"https:\/\/hcdvillademerlo.com\/index.php\/2016\/03\/30\/incorpora-articulos-a-ordenanza-oferta-turistica-en-la-via-publica-755\/\">INCORPORA ARTICULOS A ORDENANZA OFERTA TUR\u00cdSTICA EN LA VIA PUBLICA (755)<\/a><div class=\"wp-block-latest-posts__post-excerpt\">Villa de Merlo, (S.L.), 17 de Octubre de 2003.- &nbsp; ORDENANZA N\u00ba 833-HCD-2003 VISTO: La<\/div><div class=\"blog-btn\"><a href=\"https:\/\/hcdvillademerlo.com\/index.php\/2016\/03\/30\/incorpora-articulos-a-ordenanza-oferta-turistica-en-la-via-publica-755\/\" class=\"home-blog-btn\">Leer m\u00e1s<\/a><\/div><\/li>\n<li><a class=\"wp-block-latest-posts__post-title\" href=\"https:\/\/hcdvillademerlo.com\/index.php\/2016\/03\/30\/crea-registro-guia-baqueanos-turismo-alternativo\/\">CREA REGISTRO GU\u00cdA BAQUEANOS (TURISMO ALTERNATIVO)<\/a><div class=\"wp-block-latest-posts__post-excerpt\">Villa de Merlo (S. L.), 26 de Septiembre de 2002.- &nbsp; ORDENANZA N\u00ba 794 HCD-2002<\/div><div class=\"blog-btn\"><a href=\"https:\/\/hcdvillademerlo.com\/index.php\/2016\/03\/30\/crea-registro-guia-baqueanos-turismo-alternativo\/\" class=\"home-blog-btn\">Leer m\u00e1s<\/a><\/div><\/li>\n<li><a class=\"wp-block-latest-posts__post-title\" href=\"https:\/\/hcdvillademerlo.com\/index.php\/2016\/03\/29\/reglamenta-normas-basicas-de-turismo\/\">REGLAMENTA NORMAS BASICAS DE TURISMO<\/a><div class=\"wp-block-latest-posts__post-excerpt\">\u00a0Villa de Merlo, (S.L.), 7 de Diciembre de 2001.- &nbsp; &nbsp; ORDENANZA\u00a0 N\u00ba 780-HCD-2001 &nbsp;<\/div><div class=\"blog-btn\"><a href=\"https:\/\/hcdvillademerlo.com\/index.php\/2016\/03\/29\/reglamenta-normas-basicas-de-turismo\/\" class=\"home-blog-btn\">Leer m\u00e1s<\/a><\/div><\/li>\n<li><a class=\"wp-block-latest-posts__post-title\" href=\"https:\/\/hcdvillademerlo.com\/index.php\/2016\/03\/28\/reglamenta-vivienda-de-alquiler-temporario-vatt\/\">REGLAMENTA VIVIENDA DE ALQUILER TEMPORARIO VATT<\/a><div class=\"wp-block-latest-posts__post-excerpt\">Villa de Merlo, 29 de Octubre de 1998 &nbsp; &nbsp; ORDENANZA\u00a0\u00a0 N\u00ba 701-HCD-1998 VISTO: El<\/div><div class=\"blog-btn\"><a href=\"https:\/\/hcdvillademerlo.com\/index.php\/2016\/03\/28\/reglamenta-vivienda-de-alquiler-temporario-vatt\/\" class=\"home-blog-btn\">Leer m\u00e1s<\/a><\/div><\/li>\n<li><a class=\"wp-block-latest-posts__post-title\" href=\"https:\/\/hcdvillademerlo.com\/index.php\/2016\/03\/02\/dispone-construccion-oficina-de-informes-turisticos\/\">DISPONE CONSTRUCCION OFICINA DE INFORMES TURISTICOS<\/a><div class=\"wp-block-latest-posts__post-excerpt\">Merlo, San Luis, 27 de Octubre de 1988 &nbsp; ORDENANZA N\u00ba 396-HCD-1988 (BIS) &nbsp; VISTO:<\/div><div class=\"blog-btn\"><a href=\"https:\/\/hcdvillademerlo.com\/index.php\/2016\/03\/02\/dispone-construccion-oficina-de-informes-turisticos\/\" class=\"home-blog-btn\">Leer m\u00e1s<\/a><\/div><\/li>\n<\/ul>","protected":false},"excerpt":{"rendered":"","protected":false},"author":1,"featured_media":0,"parent":9220,"menu_order":0,"comment_status":"closed","ping_status":"closed","template":"","meta":{"footnotes":""},"class_list":["post-10005","page","type-page","status-publish","hentry"],"_links":{"self":[{"href":"https:\/\/hcdvillademerlo.com\/index.php\/wp-json\/wp\/v2\/pages\/10005","targetHints":{"allow":["GET"]}}],"collection":[{"href":"https:\/\/hcdvillademerlo.com\/index.php\/wp-json\/wp\/v2\/pages"}],"about":[{"href":"https:\/\/hcdvillademerlo.com\/index.php\/wp-json\/wp\/v2\/types\/page"}],"author":[{"embeddable":true,"href":"https:\/\/hcdvillademerlo.com\/index.php\/wp-json\/wp\/v2\/users\/1"}],"replies":[{"embeddable":true,"href":"https:\/\/hcdvillademerlo.com\/index.php\/wp-json\/wp\/v2\/comments?post=10005"}],"version-history":[{"count":2,"href":"https:\/\/hcdvillademerlo.com\/index.php\/wp-json\/wp\/v2\/pages\/10005\/revisions"}],"predecessor-version":[{"id":10009,"href":"https:\/\/hcdvillademerlo.com\/index.php\/wp-json\/wp\/v2\/pages\/10005\/revisions\/10009"}],"up":[{"embeddable":true,"href":"https:\/\/hcdvillademerlo.com\/index.php\/wp-json\/wp\/v2\/pages\/9220"}],"wp:attachment":[{"href":"https:\/\/hcdvillademerlo.com\/index.php\/wp-json\/wp\/v2\/media?parent=10005"}],"curies":[{"name":"wp","href":"https:\/\/api.w.org\/{rel}","templated":true}]}}